st common divisor of g and y.
11
Suppose 10 = 7*b - 340. Calculate the highest common factor of 20 and b.
10
Let u(o) = o**2 + 3*o + 2. Let x be u(-6). Let d be (-15)/x - 134/(-8). What is the highest common divisor of 128 and d?
16
Suppose -45 = 5*d - 2*d. Let w be (6/(-15))/(1/d). Calculate the greatest common divisor of 2 and w.
2
Let m be -1 + 4 - 1*-1. Suppose 2*u - 76 = -2*u - 2*h, -m*h = -8. What is the greatest common factor of 27 and u?
9
Suppose 6 = 2*i - 0. Let l be (-34)/(-3) - (-2)/i. Calculate the highest common factor of 132 and l.
12
Suppose 4 = 3*f - x, -2*f + 3*x + 12 = f. Suppose 4*b - 6 + 2 = f. Let l be b + 32 - (-2 - -2). Calculate the greatest common divisor of 11 and l.
11
Suppose 160 + 80 = 6*q. Calculate the greatest common factor of 4 and q.
4
Let b(w) = 2*w**2 + 4*w + 4. Let v be b(-3). Calculate the highest common divisor of v and 5.
5
Let i(z) = z**2 + 3*z + 2. Let h be i(-3). Let g be (-12)/8 + (-34)/4. Let m = -4 - g. What is the greatest common factor of h and m?
2
Let r be 444/(-8)*-2 - -2. Let i = r + -56. Let g = -80 - -118. What is the highest common factor of i and g?
19
Let d be (13/(-4))/((-1)/4). Suppose 4*k + 373 - 945 = 0. Calculate the greatest common divisor of d and k.
13
Suppose 42 = -0*y + 2*y. Suppose 3*f - 2*i = -y - 19, -5*i + 28 = -3*f. Let p = f + 30. What is the greatest common factor of 14 and p?
14
Suppose -3*t = 12 - 39. Let n be (-38)/(-2) + -7 + t. Let y = n + -9. Calculate the greatest common divisor of y and 132.
12
Suppose 22 - 1 = c. Let m be 33/7 + 6/c. Let b be -3*m/(15/(-8)). Calculate the greatest common factor of b and 4.
4
Let y be -3 - -4 - (1 + 0). Let l = 2 + y. What is the greatest common factor of l and 8?
2
Let p = -67 - -98. Calculate the greatest common divisor of p and 31.
31
Let j be 2664/84 - 4/(-14). Calculate the highest common factor of 80 and j.
16
Suppose b = 5, 2*b = 4*s + b - 11. Suppose -3*m + 7 = 4*m. Calculate the greatest common divisor of s and m.
1
Let h = -24 - -19. Let x(y) = y + 9. Let w be x(h). What is the greatest common factor of 2 and w?
2
Let s(z) = 13*z + 3. Let x(t) = -5*t + 1. Let y be x(1). Let m be 20/2*y/(-10). Let b be s(m). What is the greatest common factor of 5 and b?
5
Suppose 0 = -p - 4*x + 78, -5*p + 6*p - 2*x = 78. Calculate the highest common divisor of p and 52.
26
Suppose y + 4 = 5*y. What is the highest common divisor of 1 and y?
1
Suppose 5*k - 180 = 2*m + 2*m, 0 = k + m - 27. What is the highest common divisor of k and 16?
16
Let c(x) = 16*x**3 + x**2 - 2*x + 1. Let a = -15 + 16. Let w be c(a). Calculate the greatest common factor of 64 and w.
16
Let s = 11 + 0. What is the highest common divisor of s and 99?
11
Let z(m) = -m**2 - 5*m + 2. Let v be z(-3). Suppose -9*p - 16 = -13*p. What is the highest common divisor of v and p?
4
Let h = -73 - -79. What is the greatest common divisor of h and 3?
3
Suppose 7*r - 88 = 38. What is the highest common divisor of 12 and r?
6
Let j = 7 + 4. Suppose 3*u - 39 = -3*d, -2*u + 0*u - d = -27. Let l be (u/6)/(1/33). What is the highest common divisor of j and l?
11
Let z be (1/(-3))/((-6)/90). Suppose -5*q + z*v + 30 = 0, 3 = 5*q - v - 35. What is the highest common divisor of 20 and q?
4
Suppose 4*b + b + 5*f - 160 = 0, -4*b + 5*f = -110. Let v = b + -19. What is the highest common factor of 44 and v?
11
Let m = -21 - -14. Let j = 13 + m. Calculate the greatest common divisor of j and 2.
2
Let d = 3 - -1. Let b(p) = 27*p - 3. Let i be b(5). Suppose -128 = -d*s + i. What is the highest common divisor of 13 and s?
13
Suppose -3*c - 4 = -o, 2*o + 4*c + 12 = 6*c. Let b = o - -15. What is the greatest common divisor of 4 and b?
4
Let o(u) = u. Let h be o(5). Calculate the greatest common factor of 25 and h.
5
Let o = 30 - 11. What is the greatest common factor of o and 57?
19
Let h(d) = 2*d. Let t be h(1). Suppose -2*w = t*w + 12. Let s be ((-7)/w)/((-1)/(-6)). Calculate the highest common factor of s and 35.
7
Let g = 1 + 3. Suppose 3*j = 3*c + 129, -3*j - 6*c + 136 = -2*c. Calculate the highest common divisor of j and g.
4
Let l(r) = 4*r**2 - 3*r - 1. Suppose 0*p = -2*p - 4. Let g be l(p). Let j = g + -11. Calculate the highest common divisor of j and 20.
10
Let l = -21 + 21. Suppose 3*g + l*g - 135 = 0. What is the greatest common factor of 15 and g?
15
Let z(t) = -3*t**3 + 2*t**2 + t. Let c be z(-1). Suppose n - c*n + 528 = 0. What is the greatest common factor of n and 16?
16
Let m(s) = 5*s - 9. Let l(d) = -6*d + 8. Let w(j) = 2*l(j) + 3*m(j). Let z be w(9). Calculate the greatest common factor of z and 80.
16
Let z = 41 - -29. What is the greatest common factor of z and 10?
10
Let g(v) = -v - 5. Let d be g(-6). Suppose h - d - 6 = 0. Suppose 0 = 2*b - 4 - 10. Calculate the highest common divisor of h and b.
7
Suppose -2*v + 364 = -4*h, h - 365 - 24 = -2*v. What is the highest common factor of 24 and v?
24
Let h = 7 - 2. Let a(p) = 5*p + 5. Let w be a(h). What is the greatest common divisor of 6 and w?
6
Let z(b) = b**2 - 3*b - 4. Let q be z(-6). What is the highest common divisor of q and 20?
10
Let d(n) = n + 2*n + n + 0*n. Let k be d(1). Calculate the highest common factor of k and 6.
2
Let h = -1 + 12. Let p(q) = 3*q - 2. Let c be p(2). Suppose c*m = -m + 55. What is the greatest common factor of h and m?
11
Suppose 38 = -4*s - 70. Let h = -24 - s. What is the highest common factor of h and 9?
3
Let h(j) = -13*j + 3. Let v be h(-5). Suppose -2*b = -6*b + 8. Suppose 0 = -b*q + 4*u + 9 + 5, u = -3*q + 56. What is the highest common factor of q and v?
17
Let o(x) = 206*x**3 - 2*x**2 + 3*x. Let r be o(1). What is the greatest common factor of 23 and r?
23
Let b be (11 - -3)/((-1)/(-7)). Suppose 3*u - 3*s - 22 = 2*u, -b = -5*u + 3*s. Let h = u - 9. Calculate the highest common factor of h and 30.
10
Let s(u) = -u**2 + 10*u - 4. Let p(i) = i**2 - 10*i - 7. Let a be p(11). Let w be s(a). What is the highest common divisor of w and 20?
20
Let k(g) = -g**2 + 5*g + 2. Let o be k(5). Let j be (-2)/((-348)/171 + o). What is the greatest common divisor of 38 and j?
19
Let x be 4/5*(2 - 167). Let r = x - -204. Calculate the greatest common divisor of 9 and r.
9
Let d(u) = -4*u + 3. Let x be d(-4). Suppose m + 75 = h + 6*m, 2*h = 2*m + 198. Calculate the greatest common divisor of x and h.
19
Let k be (-16)/(-56) + 1004/14. What is the highest common factor of 8 and k?
8
Let h be (-4)/(-8)*22/1. Suppose -17*o + 132 = -15*o. What is the greatest common divisor of o and h?
11
Let a be 1/1 + 0 + 4. Let g be 0/(-6 + 3 - -2). Suppose -18 = -4*c - j, g*j - 23 = -3*c + 4*j. What is the highest common factor of a and c?
5
Suppose 0*i = -i + 16. Suppose 0*g + 48 = r - 4*g, r = 5*g + 44. What is the greatest common factor of i and r?
16
Let h = 25 - 21. Calculate the greatest common divisor of 32 and h.
4
Let y(g) = -3*g + 13. Let i be y(0). What is the highest common divisor of i and 13?
13
Suppose 0 = -5*w + 46 - 6. Suppose 2*s + 3*t = 2*t + 139, -124 = -2*s - 4*t. What is the highest common divisor of s and w?
8
Let u(c) = -5*c. Let z be u(-3). Suppose -3 = p - z. What is the greatest common factor of 4 and p?
4
Let v be -2*(2 + -3) - -45. Suppose v + 33 = 4*y. Let o = y + -2. What is the highest common divisor of 45 and o?
9
Suppose -17*h + 12*h = -405. What is the greatest common factor of h and 9?
9
Let y = 5 - 2. Let n(p) = p**2 + 7*p + 1. Let r be n(-8). Suppose y*f = 4*f - r. Calculate the greatest common divisor of f and 99.
9
Suppose 0 = 2*u + u - 24. Suppose -u*g + 176 = -4*g. What is the highest common divisor of 11 and g?
11
Let r(q) = -6*q + 8. Let k be r(-7). What is the highest common divisor of 20 and k?
10
Let u(t) = 8*t**2 - 3*t - 5. Let d be u(-2). What is the greatest common divisor of d and 3?
3
Let r(o) = -o**2 - 12*o + 1. Let t be r(-11). Calculate the highest common factor of 9 and t.
3
Let f = 311 - 95. Suppose -2*u + 3*r = -f, -2*r + 0*r - 562 = -5*u. Calculate the greatest common divisor of u and 19.
19
Suppose 5*a + 33 = z, 3*a = z - 12 - 19. Calculate the highest common factor of z and 112.
28
Let r be (-2 + 2)/1 - 0. Suppose 0 = b - 11 - r. What is the greatest common divisor of 99 and b?
11
Let v = -31 - -43. Calculate the greatest common divisor of v and 18.
6
Suppose 